5
Let s(g) = -g**3 + 11*g**2 - 5*g. Let l be s(10). Suppose -t + 100 = 4*v, 2*v - 4*v + 3*t + l = 0. What is the tens digit of v?
2
Let v be (-1 + (1 - 1))*-1. What is the units digit of 12*3/(7 - v)?
6
Suppose -4*m = -v - 15, -3*m + 5*v + 11 = m. Suppose h + 42 = 4*n, h + 12 = -m*n + 2. What is the units digit of (1 + h/10)*-5?
8
Let l(n) = 11*n. Let z be (0 + 1 + 0)/1. What is the units digit of l(z)?
1
Let y(l) = 2*l - 7. Let u be y(5). Suppose -4*a + 110 = a. Suppose 5*b = u + a. What is the units digit of b?
5
Let r = -15 + 25. Suppose 5*z = 2*k - 0*k + 8, z + 5*k = 7. Suppose 0 = -z*q + 8 + r. What is the units digit of q?
9
Suppose 2951 = -11*f + 24*f. What is the units digit of f?
7
What is the tens digit of 60/9*(-21)/(-1)?
4
Let r be (-23)/(-3) - 2/3. Suppose 3 = s + 3*c + r, 20 = -3*s - c. Let g(h) = -2*h - 6. What is the units digit of g(s)?
8
Let j(s) = s**3 + 16*s**2 - 7*s - 10. What is the tens digit of j(-16)?
0
Suppose 4*v + 1 = c, -c + 2*c + 15 = -4*v. Let z = -4 - c. Suppose z*m - 6*m = 0, -2*m - 60 = -5*q. What is the tens digit of q?
1
Let d(p) = 9*p**2 - 4*p + 2. What is the units digit of d(3)?
1
Let t = -8 + 12. What is the units digit of (-15)/(-2)*t/6?
5
Let z = 42 + 1. What is the tens digit of z?
4
Let l(o) = -o**3 + 3*o**2 - 4*o + 2. Let m be l(2). Let k = m - -3. What is the units digit of k?
1
Let n(u) = -3*u + 5*u - 6 - 4 - 3. What is the units digit of n(9)?
5
What is the tens digit of ((-4)/(-6))/((-1)/(-21))?
1
Suppose 4*s - 11 = -g, 4*s - s + 5*g = -13. Suppose r = -s*r + 15. What is the units digit of r?
3
Suppose 0 = -2*u + 5*t + 25, 0*u + 4*u = 3*t + 43. What is the tens digit of u?
1
Let x = 4 + -1. Suppose -5 = -4*o + x. What is the units digit of o?
2
Suppose -2*r + 4*r = 14. Let i be ((-6)/4)/1*-2. Suppose -i*a + r = -29. What is the units digit of a?
2
Let r(u) = -u + 31. Suppose v = 4*v - 30. What is the units digit of r(v)?
1
Let o be 8/5 - (-20)/50. Suppose f + 1 = -o. Let a = f + 11. What is the units digit of a?
8
Let l be 68/10 - (-2)/10. What is the units digit of (1/(-2))/(l/(-168))?
2
Let a(q) = 3*q. What is the tens digit of a(8)?
2
Let c be (-268)/(-3) - 6/(-9). Suppose -6*u = -t - u + c, 3*u = 2*t - 152. What is the units digit of ((-20)/(-25))/(4/t)?
4
Suppose -5*o - 4*i = -66, 5 = o + 5*i - 25. Let f be (-72)/o + 1/5. Let k = f + 12. What is the units digit of k?
5
Suppose -h + 5*h - 4 = 0, 283 = 5*y - 2*h. What is the units digit of y?
7
Let j be 4/6 - 3/(-9). Let z = j + 0. Suppose -3*n = -3*k + 2 + z, -5*k - n = -17. What is the units digit of k?
3
What is the units digit of 8 - (-4 + (0 - -3))?
9
Let h = 107 + -73. What is the tens digit of h?
3
Suppose -3*p + 6 = -0*p. Suppose -4*j = 3*k + p*k - 13, 0 = 4*k - 20. What is the units digit of (-11)/j + 4/(-6)?
3
Let w be ((-2)/4)/((-1)/(-10)). Let z = w - -36. What is the units digit of z?
1
Let n(h) = h + 9. What is the units digit of n(-3)?
6
Let o = 378 + -194. What is the units digit of o?
4
Let t(u) = -u. Let x(m) = -m**3 - 6*m**2 - 4*m. Let v be x(-5). Let w be t(v). Suppose 0 = -w*n - 8 + 43. What is the units digit of n?
7
Suppose -n + 0 - 1 = 0. Let t be ((-78)/12)/(n/2). Suppose 2*z = z + 4*w + 19, 4*z + 5*w = t. What is the units digit of z?
7
Suppose -f + 40 = -4*n, f + 3*f - 43 = 3*n. Let t be 2/n - 368/(-36). Let b = -3 + t. What is the units digit of b?
7
Let g = -603 - -894. What is the tens digit of g?
9
Let w(z) = -z**3 + 3*z - 4. Let q be w(-3). Suppose s - q = 2*t, t = s - 4*s + 35. What is the units digit of s?
2
Suppose 3*x = -k + 4, 0 = -x + 2*k + 6. Let p be (-1)/(x/10) + -2. Let g = -4 - p. What is the units digit of g?
3
Let v = 18 - 12. Suppose v + 4 = 2*s. What is the units digit of s?
5
Suppose 3*y - 382 = 437. What is the hundreds digit of y?
2
Let p(v) = v + 1. Let d be p(5). Let k = 6 - d. Suppose 5*x + k*x = 30. What is the units digit of x?
6
Suppose -30 = 2*i - 5*s + s, 2*i + 22 = 2*s. Let c(b) = -b**3 - 6*b**2 + 4*b + 4. What is the tens digit of c(i)?
2
Suppose k + 0*q + 10 = -3*q, -3*k + 40 = -5*q. What is the units digit of k?
5
Let j = -22 - -14. What is the units digit of (-2)/j + (-700)/(-16)?
4
Let s(i) = -7*i - 10. What is the tens digit of s(-8)?
4
Suppose 4*o + p = 20 + 52, -4*p = 0. What is the units digit of o?
8
Let w(g) = 4*g - 2. What is the units digit of w(2)?
6
What is the units digit of ((-20)/(-7))/((-18)/(-63))?
0
Let x be (-1 - 5)*45/(-2). Suppose -2*y - 3*y = 4*b + x, 0 = -2*b + 2*y - 72. Let a = -21 - b. What is the units digit of a?
4
Let g(l) = -19*l**3 - 3*l - 1. Let p be g(-2). Let y = -105 + p. Suppose n = -5*d + y, 0*n - 36 = -3*d - 3*n. What is the units digit of d?
0
Suppose -2*x - 38 + 118 = -5*w, -76 = -2*x + 4*w. What is the tens digit of x?
3
Let y(b) be the first derivative of b**3/3 - 7*b**2/2 - 6*b + 1. Let p = -15 - -23. What is the units digit of y(p)?
2
Let u = -2 - -3. Suppose 0 = -3*y - 5*g - 22, -26 = 5*g - u. What is the units digit of 90/40 + y/(-4)?
2
Let i = -25 - -24. Let p(y) = -7*y + 2. What is the units digit of p(i)?
9
Let r = -61 + 113. What is the units digit of r?
2
Let t = 119 - 84. Let h = t - 18. What is the units digit of h?
7
Suppose -5*o - 3 = 2, -308 = -3*y + 5*o. What is the tens digit of y?
0
Let v = 8 - 8. Suppose -3*b - f - 2*f - 6 = v, 0 = -3*b + 2*f + 14. What is the units digit of b?
2
Suppose 93 = -28*l + 31*l. What is the units digit of l?
1
Let b(j) = 212*j + 5. What is the units digit of b(1)?
7
Suppose -f - 2*f + 15 = 0. Let c = -3 + f. What is the units digit of c?
2
Let m(f) = f**3 - 14*f**2 + 5*f - 27. What is the tens digit of m(14)?
4
Let x = -6 - -9. Suppose -32 = -x*s + s. What is the units digit of s?
6
Let a be -35 - (2 - 3/1). Let y = 63 + a. Suppose -4*m - y = -3*o + 3, -31 = -4*o + 3*m. What is the units digit of o?
4
Suppose -i + r = -r - 89, 101 = i + r. What is the units digit of i?
7
Suppose 3*h - 324 = -h. What is the units digit of h?
1
Suppose f = -1 + 3. Suppose 0 = 4*d - 3*t - 0*t + 2, -f = -t. What is the units digit of d?
1
Suppose -x + 9 - 7 = 0. What is the units digit of x?
2
Suppose 2*h = -0*h - q + 7, -3*h = 2*q - 12. Let y = h + 5. What is the units digit of y?
7
Suppose 2*y + 1 = 5. Suppose -3*f - y*f + 40 = 0. Let x = 13 - f. What is the units digit of x?
5
Let y(n) = -n**3 + 6*n**2 - 4*n - 7. Let a be y(5). Let d be (2 - 19) + a/(-1). What is the units digit of (54/(-15))/(6/d)?
9
Let n = 8 + -3. Suppose 19 = 6*f - n*f. What is the tens digit of f?
1
Suppose 0 = -4*w + 23 - 3. Suppose x - w*b - 26 = 0, 2*x - 7*x - 5*b = -70. What is the tens digit of x?
1
Let x be -5 - (-2 - -2) - 0. Let u(t) be the first derivative of t**4/4 + 2*t**3 + 3*t**2 + 7*t + 1. What is the units digit of u(x)?
2
Suppose 4*g - 9 - 7 = 0. Let i = -40 - -39. What is the units digit of 13/((g + i)/3)?
3
Let w(t) = 2*t - 7. What is the tens digit of w(10)?
1
Suppose 3*v = -3*u + 38 - 17, -2*v + 3*u = -4. Suppose -4*i + 6 = -i. Let n = v - i. What is the units digit of n?
3
Let c be ((-3)/2)/(3/(-18)). Suppose 2*i - c = 1, -n - i + 14 = 0. What is the units digit of n?
9
Let d be 15 + 1/(3/6). Let x = 33 - d. Suppose j = -j + x. What is the units digit of j?
8
Let c be (-2)/(-3) - (-46)/(-6). Let p(w) = -w**2 - 8*w - 10. Let j be p(c). Let l = 7 + j. What is the units digit of l?
4
Let q = 116 - -60. What is the tens digit of q?
7
Suppose -2*m + 2*q - q = -10, 25 = 5*m + 3*q. Let f be (-4 - m)*(-2)/(-3). Let h = 5 - f. What is the units digit of h?
1
Suppose 5*k - 181 = -6. What is the tens digit of k?
3
Suppose 0 = -3*x + x + 5*f + 19, 3*x - f - 48 = 0. Let n = -6 + x. What is the tens digit of n?
1
What is the units digit of -404*(4 - 68/16)?
1
Suppose 35 = 5*t - w, w = -w. Suppose l - 2*m + t - 23 = 0, 4*l - 37 = -m. What is the tens digit of l?
1
Let k(b) = -b**2 + b + 12. What is the units digit of k(0)?
2
Let j = 18 - 11. What is the units digit of j?
7
Suppose 4*q - 138 = -n, 0 = 5*q - 2*n - n - 181. Let k = -19 + q. What is the units digit of k?
6
Let n = 103 - 55. Suppose 5*w = n + 62. What is the units digit of w?
2
Let y = 2 - -31. What is the units digit of y?
3
Let m = 3 + 2. Suppose -c + 3 = m*d - 2, -9 = 3*d + 3*c. Suppose d*a - 5 = -1. What is the units digit of a?
2
Suppose -4 = -4*f - 0. Suppose -9 =